6
adda7b
What is 1902093 (base 10) in base 13?
5179cb
What is -306b2 (base 13) in base 9?
-142111
What is -3375868 (base 9) in base 15?
-25eba2
Convert -1da01 (base 14) to base 3.
-10212022122
Convert -4573205 (base 8) to base 2.
-100101111011010000101
What is 28649 (base 16) in base 9?
271852
Convert 400043241 (base 5) to base 16.
17e306
1301133001 (base 4) to base 7
3644125
What is 1100010111100111 (base 2) in base 4?
30113213
What is 11ec5 (base 15) in base 7?
326105
2122312000 (base 5) to base 3
22110100110121
Convert 185614 (base 10) to base 4.
231110032
-36da3 (base 15) to base 14
-47bc7
234123044 (base 5) to base 9
2030411
Convert 98330b (base 13) to base 12.
12461aa
What is 180196b (base 14) in base 9?
24240843
Convert -25b110a (base 12) to base 7.
-120201523
454521351 (base 6) to base 14
1173a95
-605264 (base 11) to base 6
-32505521
-1010111001000110 (base 2) to base 7
-244033
Convert 504265 (base 7) to base 4.
110320300
236074 (base 12) to base 5
121222303
Convert -14790 (base 14) to base 2.
-1100011011001010
What is -1320040330 (base 5) in base 10?
-3283840
Convert 88532 (base 13) to base 8.
742246
Convert -11572564 (base 8) to base 14.
-4a667a
-13aa02 (base 11) to base 4
-311211220
Convert -2244330 (base 5) to base 2.
-1001111010001110
281 (base 14) to base 3
200201
3dcadc (base 14) to base 3
11001010110011
What is 12228c8 (base 13) in base 10?
5632427
What is -1541043 (base 6) in base 5?
-10402323
-6242701 (base 9) to base 12
-1149b9a
3bb406 (base 12) to base 13
28a697
Convert 10476515 (base 9) to base 5.
2244214020
Convert -13414e5 (base 15) to base 12.
-4791b38
What is -1102120202221 (base 3) in base 14?
-15aaaa
What is -15390d (base 15) in base 4?
-3322022113
-83062 (base 10) to base 11
-57451
Convert -113110120 (base 6) to base 2.
-1000000010110011100000
5649725 (base 10) to base 12
1a85625
-23189f (base 16) to base 7
-25356503
Convert 29cdb (base 14) to base 7.
612264
What is -1ba95d (base 15) in base 2?
-101001010000110110001
77170 (base 10) to base 16
12d72
-25b66 (base 15) to base 5
-12330241
4c7e27 (base 16) to base 8
23077047
What is -32010124 (base 5) in base 16?
-41031
What is -56460 (base 14) in base 5?
-23200122
-666735 (base 9) to base 16
-61529
Convert -ae16a (base 16) to base 8.
-2560552
Convert 31522 (base 15) to base 6.
3204035
-2ec3d (base 16) to base 14
-4db41
What is 1750803 (base 9) in base 8?
3566500
-12cc3a4 (base 13) to base 10
-5939132
What is -5530242 (base 6) in base 11?
-179522
-c5719 (base 16) to base 15
-10e954
What is -512b (base 14) in base 11?
-a537
Convert -45a81 (base 15) to base 4.
-312020302
Convert 103155342 (base 6) to base 3.
10110020012222
Convert -1010011101011011010 (base 2) to base 11.
-214568
Convert -1111101011100100000 (base 2) to base 10.
-513824
56a48 (base 12) to base 11
798a0
What is 16aef3 (base 16) in base 8?
5527363
-202012010311 (base 4) to base 13
-1b0c238
What is 2993b (base 15) in base 9?
223362
Convert 1232301332 (base 4) to base 7.
3566624
Convert 10712431 (base 8) to base 3.
11101110210202
88340 (base 9) to base 12
29ab3
Convert -30e153 (base 15) to base 2.
-1000110111110010101110
Convert 20343002 (base 7) to base 14.
326702
491b285 (base 12) to base 4
312100203011
What is 102306231 (base 7) in base 9?
12344660
26212 (base 14) to base 4
112320020
Convert -1001712 (base 8) to base 13.
-929b7
-2c1942 (base 16) to base 10
-2890050
-5a693 (base 14) to base 2
-110101111010011001
What is -1bcee0 (base 16) in base 11?
-1035247
Convert 19cc1 (base 14) to base 10.
65633
Convert -135ee (base 15) to base 7.
-346022
6a61e (base 15) to base 9
565762
What is -4a6a86 (base 12) in base 10?
-1214598
Convert 75917aa (base 11) to base 16.
cb8e59
-16012600 (base 7) to base 14
-2bc870
-11414746 (base 8) to base 4
-21201213212
What is 3518a37 (base 11) in base 13?
137288c
What is -220003001 (base 4) in base 13?
-5987c
What is -389d06 (base 15) in base 4?
-22113030033
What is 372234 (base 9) in base 6?
4452221
What is -3235563 (base 8) in base 3?
-1122001120001
3121b (base 12) to base 9
107115
-11100011001101010 (base 2) to base 11
-7a445
-1a1368 (base 16) to base 5
-414141104
What is 1122022020212 (base 3) in base 4?
3110322011
-22575184 (base 9) to base 7
-162163366
-110312322 (base 4) to base 10
-85434
Convert 401303113 (base 5) to base 7.
16332320
Convert 1879466 (base 11) to base 16.
30724f
What is -22443034 (base 5) in base 9?
-338277
What is aeb62 (base 16) in base 10?
715618
What is 100000001011100 (base 2) in base 12?
9650
Convert -1672874 (base 9) to base 4.
-3203333023
Convert -35100325 (base 6) to base 9.
-2026748
-ad647a (base 14) to base 3
-102002111102111
What is 10111101101010000 (base 2) in base 16?
17b50
-25036666 (base 8) to base 2
-10101000011110110110110
-211451 (base 6) to base 8
-41527
Convert -510453205 (base 6) to base 16.
-850025
What is 1110110011011111000 (base 2) in base 14?
c8b0c
What is 7941d0 (base 14) in base 5?
2023344431
Convert -25341161 (base 7) to base 3.
-11022122020022
What is 25939 (base 15) in base 16?
1d58c
What is -39b71 (base 16) in base 13?
-837a9
What is 57aab (base 13) in base 2?
100111000100001111
96199 (base 11) to base 16
222d0
140342140 (base 5) to base 16
aea1f
-6303601 (base 7) to base 8
-2707607
What is 2853799 (base 11) in base 12?
1789303
80250 (base 9) to base 11
36655
Convert -10031432243 (base 5) to base 10.
-10030323
What is -16125145 (base 9) in base 14?
-10d6ad3
47dcb (base 15) to base 16
37f79
-55122514 (base 6) to base 9
-3075061
Convert -574300 (base 14) to base 4.
-23110333330
What is -22202143 (base 5) in base 3?
-100212011222
What is -276116 (base 9) in base 4?
-221020233
Convert -863960 (base 12) to base 6.
-113250200
What is -1202003200 (base 4) in base 9?
-671837
What is 275551 (base 8) in base 3?
11221020101
Convert 6986 (base 15) to base 2.
101011110000001
What is -120231 (base 16) in base 4?
-10200020301
Convert 123200200 (base 4) to base 9.
181501
Convert 11636604 (base 7) to base 12.
428689
What is -34c947 (base 14) in base 4?
-12313322203
What is 2b8cc (base 15) in base 16?
2244f
Convert -75a98 (base 11) to base 13.
-3b37b
Convert -100123342 (base 5) to base 2.
-1100000100011010000
-1313120113 (base 4) to base 9
-824674
What is c133ab (base 13) in base 8?
21104064
What is 2acc8 (base 13) in base 6?
1424152
What is -3149962 (base 10) in base 7?
-35526364
Convert -7ee5f1 (base 16) to base 10.
-8316401
632871 (base 9) to base 2
1011011110101010011
What is 120222202111 (base 3) in base 6?
10425104
114540 (base 6) to base 9
14816
-13044341 (base 6) to base 16
-68065
What is 203746 (base 9) in base 6?
2331410
1663626 (base 8) to base 16
76796
Convert 112131232 (base 4) to base 9.
150187
What is 126454 (base 7) in base 12?
119ba
What is -12552154 (base 7) in base 2?
-100011010001001000111
What is 170d0 (base 15) in base 14?
1d1b7
Convert 1155435 (base 6) to base 3.
10011021012
-163112266 (base 7) to base 8
-52206606
What is -8c740 (base 15) in base 14?
-b8d43
12241442 (base 5) to base 4
130321210
292c3c (base 13) to base 7
11360155
11001001110101100110 (base 2) to base 12
33a51a
What is 5833551 (base 11) in base 16?
9b8f66
What is -196ba86 (base 12) in base 2?
-10100011111001001000110
11110200002012 (base 3) to base 2
1001000011110111100101
What is 329932 (base 11) in base 14?
d9746
8b6803 (base 14) to base 3
22220222110012
-1a45838 (base 11) to base 16
-349deb
What is 3c703b (base 13) in base 15?
1e1260
-36710 (base 10) to base 15
-ad25
What is 2060142 (base 7) in base 16?
3cfb7
Convert ba288a (base 13) to base 11.
2519583
-a80c (base 14) to base 12
-14964
What is 207210 (base 11) in base 8?
1207630
-62470 (base 12) to base 9
-215273
-468911 (base 10) to base 7
-3662042
48595 (base 15) to base 4
320111231
-652063 (base 11) to base 4
-3332131002
114729a (base 15) to base 5
11132023340
Convert 13332344 (base 5) to base 8.
412627
101000110110100000 (base 2) to base 7
1264560
-26641 (base 9) to base 12
-a517
Convert 132132132232 (base 4) to base 7.
124623013
10212021012112 (base 3) to base 6
111553152
1074882 (base 10) to base 4
10012123002
Convert a848 (base 15) to base 6.
432522
What is 1001021010210 (base 3) in base 8?
2076451
Convert 36721 (base 13) to base 11.
69208
-31211130 (base 4) to base 5
-3240034
Convert 2a1